ppose -x*w + 35 - 5 = 0. Suppose -w*s = -s - 5. Give o(s).
-6
Let v(o) = -11*o**2 + o - 1. Let g = 17 - 12. Suppose 0 = -5*x + g. What is v(x)?
-11
Suppose 4*l - 10*l = -18. Let k(d) = -4*d - l*d + 1 + 6 + d**2. Calculate k(5).
-3
Let n(j) = -j - 451 + 469 + 2*j. Determine n(0).
18
Let q(o) = -o**2 + 2*o - 12. Suppose 8*a + 14*a = 8*a. Calculate q(a).
-12
Suppose 5*w = -4*p + p + 6, -3*w + 4 = 2*p. Suppose w = 4*y + 1 + 3. Let b(i) = -1 - 3*i - 4*i - i. Calculate b(y).
7
Suppose -27 = -4*m + 5*a - 7, 5*a = -20. Let u(k) = -k**2 + 8*k - 7. Let n be u(5). Let b(z) = 4*z**2 - 3*z + n + 2*z - 5*z**2 + z**3 + 2*z**2. What is b(m)?
8
Let r(z) = -z**2 + 2*z + 1. Let w(x) = -11*x**2 + 9*x + 6. Let d(j) = 5*r(j) - w(j). Determine d(1).
6
Let o(m) be the third derivative of m**5/20 - m**4/6 + 7*m**3/6 - 122*m**2. What is o(2)?
11
Let h = 8 + -4. Suppose b + 0 = h*d + 6, 0 = -d - 2*b - 6. Let p(y) = y + 2. What is p(d)?
0
Let o = 26 - 24. Suppose -4*z + o*z - 8 = 0. Let k(r) = -r - 7. What is k(z)?
-3
Let v be 2/(4/(-8) - -1). Suppose -2*n - v = -4*n. Let o(b) = 2*b**2 - 2*b - 2. What is o(n)?
2
Let v(m) = 4 - 14 + 5*m - 8 - m + 1 + m**2. Determine v(-6).
-5
Let o = 0 + 5. Let d(l) = -4*l - 2*l + o*l + 0*l**2 - l**2 + 3. Give d(0).
3
Let d(v) be the first derivative of -1/2*v**2 + 0*v**3 + 1/4*v**4 - 17 - 2*v. Calculate d(2).
4
Suppose -12 = 2*g + 2*g - 4*b, -2*b = 4*g. Let v be (-2 - -2) + g - 0. Let k(z) = 2*z**2 + z. What is k(v)?
1
Let i(k) be the second derivative of -k**5/20 + 2*k**4/3 + 4*k**2 - 9*k. Suppose 85 = 11*f - 3. Determine i(f).
8
Let o = 1208 - 1223. Let r(v) = -v**2 - 13*v - 8. What is r(o)?
-38
Let j(n) be the first derivative of n**4/4 + 2*n**3/3 - n**2/2 + n + 50. Give j(-3).
-5
Suppose 3*t = -a - 3, 6*t + a + 5 = t. Let q(h) be the third derivative of h**6/40 + h**5/60 - 366*h**2. Give q(t).
-2
Let x(v) = -v - 2. Let m be (-2)/(-9) + (3220/(-45))/(-2). Let u = -44 + m. Calculate x(u).
6
Let k(h) be the first derivative of -39 - 4*h**2 - 1/3*h**3 - 5*h. Calculate k(-8).
-5
Let r(z) = 9*z**2 - 14*z + 6. Let m(s) = -25*s**2 + 41*s - 18. Let h(p) = 4*m(p) + 11*r(p). Give h(8).
10
Let n(i) = i**2 + 2*i - 4. Let q(u) be the second derivative of u**3/2 - 27*u**2 - 19*u. Let z be q(19). What is n(z)?
11
Let i = 3 + -2. Let g(v) = -v**2 + 2*v - 4. Let a(z) = 1. Let l(y) = i*g(y) + 2*a(y). Let o = 30 + -27. Determine l(o).
-5
Suppose 14*p - 6 = -6. Let q(a) be the second derivative of p - a + 1/2*a**3 + 0*a**2. Calculate q(-1).
-3
Let f(m) = 2*m**2 - m. Let a(x) = -11*x**2 - 3*x - 2. Let p(g) = a(g) + 6*f(g). What is p(10)?
8
Let t(w) = w - 1. Let r be t(3). Let i(n) = 3*n**r - 6 + 7 - 2. Let k = -1 + 0. Give i(k).
2
Let p = -2 + 4. Suppose -2*t = -p*z + 16, 6*z = z + t + 24. Let o(n) = -56*n - 50*n + 2 + 109*n. Give o(z).
14
Let y be 1626/15 + 10/(-25). Let j = -113 + y. Let f(x) = -1 + 0*x - 2*x + 7. What is f(j)?
16
Let p(i) = -i**3 - 8*i**2 - 3*i + 1. Let m(r) = r**3 + 7*r**2 + 2*r - 1. Let d = 100 - 95. Let z(a) = d*m(a) + 4*p(a). Give z(-4).
-9
Suppose -12*c = -19*c + 56. Let v(w) = -w**3 + 7*w**2 + 7*w + 16. Calculate v(c).
8
Let w(t) = -328*t**3 - 3 - 3*t - 327*t**3 + 656*t**3. Give w(-2).
-5
Let t = -116 - -118. Let f(n) = -n + 0*n - 2*n + t. Calculate f(-4).
14
Let q(n) = n**2 + 18*n - 2. Let u(k) = 9*k - 1. Let d(v) = -2*q(v) + 5*u(v). What is d(6)?
-19
Let z(a) be the second derivative of -a**3/6 - 5*a**2 + 166*a. What is z(-8)?
-2
Suppose z + 59 = 5*n, 5*n + z = 1 + 60. Let j(c) = -c + 7. Give j(n).
-5
Let x be 42*(-55)/(-40) + 1/4. Suppose x = -14*f - 12. Let y(i) = -2*i**3 - 6*i**2 - 3*i + 7. Let z(t) = -t**3. Let k(b) = y(b) - z(b). What is k(f)?
-3
Let f be (56/(-42))/(-2 - 17/(-9)). Let k(x) = x**3 - 12*x**2 - 2*x + 14. What is k(f)?
-10
Suppose -16*u + 99 = -5*u. Let s(g) = 2*g + 13. Calculate s(u).
31
Let k(a) = -a**3 - 7*a**2 - 4*a + 7. Let p be 2*1/(-8) - (-153)/36. Suppose -3*q + 2 = 4*w, 2*q - 13 = -9*w + p*w. Calculate k(q).
-5
Let x(t) be the first derivative of t**4/4 - 3*t**3 + 3*t**2 + 18*t - 92. What is x(8)?
2
Let u = -88 - -57. Let h = u - -31. Let c(o) = o**3 + o**2 - 11. Give c(h).
-11
Let o be (-172)/3 - (-8)/(-12). Let y = 65 + o. Let i(h) = -h**3 + 7*h**2 + 8. What is i(y)?
8
Let u(h) = h**3 - h**2. Let a(z) = 8*z**3 + 2*z**2 + 5*z - 2. Let v(d) = a(d) - 7*u(d). Determine v(-8).
22
Let k be 42/9*234/(-273). Let x(r) = -r**2 - 2*r + 7. Give x(k).
-1
Let r(a) = 3*a + 1. Let u be r(-3). Let i(j) = 2 + 2*j**2 - 7*j**2 - 2*j + 8*j + 4*j**2 + 2*j**2. Determine i(u).
18
Let k(u) be the third derivative of u**5/60 - 3*u**4/8 + 7*u**3/6 - 12*u**2 - u. Determine k(9).
7
Let o(a) = 4*a**2 - 2*a - 1. Suppose 0 = -3*r - 5*w + 34, 3*r - 3*w + 7 - 1 = 0. Determine o(r).
29
Suppose -4 = 3*h - h. Let c(z) be the first derivative of -2*z**3/3 + z**2/2 - 74. Let r(g) = -g**3 - 10*g**2 + 5*g. Let u(y) = 4*c(y) - r(y). Give u(h).
2
Let o(g) = -g**3 + 6*g**2 - 7*g + 6. Let d = 342 + -217. Suppose -40 + d = 5*i. Suppose -5*y = r - 2*y - i, 0 = -3*r - 4*y + 31. Calculate o(r).
-4
Let y(k) be the third derivative of -k**4/24 + k**3/2 + 2*k**2. Suppose 5*d + 55 + 175 = 0. Let m = -46 - d. Calculate y(m).
3
Let o(k) = -k**2 + 5. Suppose 161 = 7*p + 182. Give o(p).
-4
Let a(q) be the first derivative of q**2/2 - 15*q - 144. What is a(15)?
0
Let j(a) = -3*a**2 - 3*a - 2. Let u(b) = -2*b**2 + 1. Let d be u(1). Let m be j(d). Let c(v) be the third derivative of -v**5/20 - v**4/24 - v**2. What is c(m)?
-10
Let g(p) = 3*p + 4. Let k(l) = 22*l**2 + 198*l + 4. Let b be k(-9). Give g(b).
16
Let s be (-2)/(-4) + (-9)/(-6). Let y(j) = -s*j**2 + 4 - 4*j + 1 - 3. Let u(c) = -5*c**2 - 9*c + 3. Let z(b) = 3*u(b) - 7*y(b). Determine z(0).
-5
Let i(y) = -5*y**3 - y**2 + 2*y + 1. Let w(a) = 4*a**3 + a**2 - a. Let v(p) = -3*i(p) - 4*w(p). Calculate v(-3).
21
Let q be (2/4)/(95/(-50) + 2). Let s(y) = 10 - 6*y - 5*y**2 + q + y**3 - 26 + 10. What is s(6)?
-1
Suppose -5*q = -4*q + 2*q. Suppose 8*a + 0*a - 24 = q. Let m(t) = -1 + 0 + 3*t + 3. What is m(a)?
11
Let t(w) = 2*w + 3. Suppose 0*h + 56 = -14*h. What is t(h)?
-5
Let f(l) = 5*l - 5. Let h(s) = s**3 + 13*s**2 - 53*s - 72. Let m be h(-16). Calculate f(m).
35
Let l(m) be the first derivative of -m + 19 - 1/2*m**2. Calculate l(7).
-8
Suppose -m - 12 = 3*m - s, 0 = -5*s + 20. Let g = 0 - m. Let i(u) = 2 - 8*u - 3*u**2 + 14*u + 2*u**g. What is i(6)?
2
Let s(q) = -2*q - 4*q**2 + q**2 + 4*q**2 - 4 + 0*q**2. Let c be s(4). Let t = c - 8. Let z(n) = -n + 2. What is z(t)?
6
Let c(p) = -p**2 + p + 1. Let k(a) = -2*a**2 + 6*a - 1. Let v(g) = -3*c(g) + k(g). Let w = -3 + 19. Suppose 3*j + y = -6 - 5, -5*j = 4*y + w. What is v(j)?
0
Let p(f) = -3*f**2 + 29*f - 26. Suppose 56 - 176 = -20*s. Let g(w) = -w**2 + 10*w - 9. Let o(r) = s*p(r) - 17*g(r). What is o(3)?
0
Let a be 15/(-6) - 6/(-12). Let h(x) = x**2 - 10*x - 18. Let p be h(a). Let q(n) be the first derivative of n**4/4 - 7*n**3/3 + 5*n**2 - 9*n - 1. What is q(p)?
15
Let u be 1*(0/(-3 - 0))/1. Let k(y) = y**2 + 10. Calculate k(u).
10
Let n be 3 - (-351)/99 - (-18)/(-33). Let w(y) be the third derivative of -y**2 + 0*y + 1/24*y**4 - 5/6*y**3 + 0. What is w(n)?
1
Let x = -48 - -48. Let h(b) = 4*b + x - 1 - 2*b. What is h(-3)?
-7
Let l(m) = -4*m**2 + 6*m - 9. Let x be l(4). Let t = 55 + x. Let s(q) = q**3 - 6*q**2 + 3*q - 9. Determine s(t).
9
Let w(g) = g**2 - 15*g + 6. Let v(s) = s - 1. Let m(u) = 6*v(u) + w(u). Let y be m(9). Let h = 0 - y. Let k(d) = d - 2. What is k(h)?
-2
Let h(s) = 4*s**3 + 23*s**2 + 34*s + 22. Let a(f) = f**3 + 7*f**2 + 11*f + 7. Let c(q) = 7*a(q) - 2*h(q). Calculate c(5).
0
Let l(k) = k**3 - 5*k**2 + 3*k + 3. Let n = -184 + 187. Calculate l(n).
-6
Let d(u) = -u + 3. Suppose 57 - 18 = f. Let t = f + -39. What is d(t)?
3
Let l(c) be the second derivative of 1/60*c**5 - 1/24*c**4 - 7/120*c**6 + 0*c**3 + 6*c + 0 + 3*c**2. Let i(g) be the first derivative of l(g). Calculate i(1).
-7
Let k(p) = -p**2 + 8*p - 9. Let s = 10 + -12. Let f be -3 + -3 + 1 + s + 13. Give k(f).
3
Suppose g = 2*g - 2. Suppose g*r + 0 - 6 = 0. Let s(l) = 5*l - 4. Give s(r).
11
Let m(t) = -5*t**2 + t - 1. Suppose -19*l - 44 = -63*l. What is m(l)?
-5
Let l(h) = -h**3 + 8*h**2 - 6*h + 3. Let o be l(5). Let f(p) = 4*p + 56 - o - 2*p. Give f(-9).
-10
Let a = -33 - -16